{"id":15,"date":"2020-11-28T22:28:51","date_gmt":"2020-11-28T21:28:51","guid":{"rendered":"https:\/\/sites.ifkw.lmu.de\/mpaed2021\/?page_id=15"},"modified":"2020-12-22T12:11:53","modified_gmt":"2020-12-22T11:11:53","slug":"call-for-papers","status":"publish","type":"page","link":"https:\/\/sites.ifkw.lmu.de\/mpaed2021\/call-for-papers\/","title":{"rendered":"Call for Papers"},"content":{"rendered":"\n<p><\/p>\n\n\n\n<p>Nutzen Sie die M\u00f6glichkeit, sich mit einem eigenem Vortrag an der gemeinsamen Herbsttagung der Sektion und Fachgruppe Medienp\u00e4dagogik (DGfE und DGPuK) zu beteiligen.<\/p>\n\n\n\n<p>Im Call for Papers finden Sie die Themen, zu denen Einreichungen m\u00f6glich sind sowie alle relevanten Termine und Informationen in welcher Form die Einreichung erfolgen sollte.<\/p>\n\n\n\n<div class=\"wp-block-columns is-layout-flex wp-container-core-columns-is-layout-9d6595d7 wp-block-columns-is-layout-flex\">\n<div class=\"wp-block-column is-layout-flow wp-block-column-is-layout-flow\">\n<h5 class=\"wp-block-heading\">Call for Papers<\/h5>\n\n\n\n<p>Interesent*innen sind herzlich eingeladen, ihre aktuellen Forschungsprojekte vorzustellen. Hier gelangen Sie zum allgemeinen Call der Tagung.<\/p>\n\n\n\n<div class=\"wp-block-buttons is-layout-flex wp-block-buttons-is-layout-flex\">\n<div id=\"CfP\" class=\"wp-block-button\"><a class=\"wp-block-button__link no-border-radius\" href=\"https:\/\/sites.ifkw.lmu.de\/mpaed2021\/call-for-papers\/call-for-papers-fg\/\">zum Call for Papers<\/a><\/div>\n<\/div>\n<\/div>\n\n\n\n<div class=\"wp-block-column is-layout-flow wp-block-column-is-layout-flow\">\n<h5 class=\"wp-block-heading\">Call for Papers der Nachwuchsgruppen<\/h5>\n\n\n\n<p>Nachwuchswissenschaftler*innen sind herzlich eingeladen, ihre Forschungsprojekte und Qualifikationsarbeiten vorzustellen. Ein Panel der Tagung wird dem Nachwuchs gewidmet. <\/p>\n\n\n\n<div class=\"wp-block-buttons is-layout-flex wp-block-buttons-is-layout-flex\">\n<div class=\"wp-block-button\"><a class=\"wp-block-button__link no-border-radius\" href=\"https:\/\/sites.ifkw.lmu.de\/mpaed2021\/call-for-papers\/call-for-papers-nachwuchs\/\">zum Call for Papers der Nachwuchsgruppen<\/a><\/div>\n<\/div>\n<\/div>\n<\/div>\n\n\n\n<p>Interdisziplin\u00e4r ausgerichtete, oder aus anderen Fachdisziplinen stammende Beitr\u00e4ge sind ausdr\u00fccklich erw\u00fcnscht. Die Tagung soll Raum zum intensiven und fach\u00fcbergreifenden Austausch bieten. Erbeten werden konzeptionelle und theoretische Beitr\u00e4ge sowie empirische Arbeiten, auch aus laufenden Projektkontexten. Volltexte der Beitr\u00e4ge k\u00f6nnen nach der Tagung zur Publikation im <em>Jahrbuch Medienp\u00e4dagogik 19<\/em> eingereicht werden.<\/p>\n\n\n\n<p>Die Mitteilung \u00fcber die Annahme der Abstracts erfolgt im Fr\u00fchjahr 2021.<\/p>\n","protected":false},"excerpt":{"rendered":"<p>Nutzen Sie die M\u00f6glichkeit, sich mit einem eigenem Vortrag an der gemeinsamen Herbsttagung der Sektion und Fachgruppe Medienp\u00e4dagogik (DGfE und DGPuK) zu beteiligen. Im Call for Papers finden Sie die Themen, zu denen Einreichungen m\u00f6glich sind sowie alle relevanten Termine und Informationen in welcher Form die Einreichung erfolgen sollte. Call &hellip;<\/p>\n","protected":false},"author":11,"featured_media":0,"parent":0,"menu_order":0,"comment_status":"closed","ping_status":"closed","template":"","meta":{"ngg_post_thumbnail":0,"footnotes":""},"class_list":["post-15","page","type-page","status-publish","hentry"],"_links":{"self":[{"href":"https:\/\/sites.ifkw.lmu.de\/mpaed2021\/wp-json\/wp\/v2\/pages\/15","targetHints":{"allow":["GET"]}}],"collection":[{"href":"https:\/\/sites.ifkw.lmu.de\/mpaed2021\/wp-json\/wp\/v2\/pages"}],"about":[{"href":"https:\/\/sites.ifkw.lmu.de\/mpaed2021\/wp-json\/wp\/v2\/types\/page"}],"author":[{"embeddable":true,"href":"https:\/\/sites.ifkw.lmu.de\/mpaed2021\/wp-json\/wp\/v2\/users\/11"}],"replies":[{"embeddable":true,"href":"https:\/\/sites.ifkw.lmu.de\/mpaed2021\/wp-json\/wp\/v2\/comments?post=15"}],"version-history":[{"count":42,"href":"https:\/\/sites.ifkw.lmu.de\/mpaed2021\/wp-json\/wp\/v2\/pages\/15\/revisions"}],"predecessor-version":[{"id":357,"href":"https:\/\/sites.ifkw.lmu.de\/mpaed2021\/wp-json\/wp\/v2\/pages\/15\/revisions\/357"}],"wp:attachment":[{"href":"https:\/\/sites.ifkw.lmu.de\/mpaed2021\/wp-json\/wp\/v2\/media?parent=15"}],"curies":[{"name":"wp","href":"https:\/\/api.w.org\/{rel}","templated":true}]}}

<p></p>



<p>Nutzen Sie die Möglichkeit, sich mit einem eigenem Vortrag an der gemeinsamen Herbsttagung der Sektion und Fachgruppe Medienpädagogik (DGfE und DGPuK) zu beteiligen.</p>



<p>Im Call for Papers finden Sie die Themen, zu denen Einreichungen möglich sind sowie alle relevanten Termine und Informationen in welcher Form die Einreichung erfolgen sollte.</p>



<div class="wp-block-columns is-layout-flex wp-container-core-columns-is-layout-9d6595d7 wp-block-columns-is-layout-flex">
<div class="wp-block-column is-layout-flow wp-block-column-is-layout-flow">
<h5 class="wp-block-heading">Call for Papers</h5>



<p>Interesent*innen sind herzlich eingeladen, ihre aktuellen Forschungsprojekte vorzustellen. Hier gelangen Sie zum allgemeinen Call der Tagung.</p>



<div class="wp-block-buttons is-layout-flex wp-block-buttons-is-layout-flex">
<div id="CfP" class="wp-block-button"><a class="wp-block-button__link no-border-radius" href="https://sites.ifkw.lmu.de/mpaed2021/call-for-papers/call-for-papers-fg/">zum Call for Papers</a></div>
</div>
</div>



<div class="wp-block-column is-layout-flow wp-block-column-is-layout-flow">
<h5 class="wp-block-heading">Call for Papers der Nachwuchsgruppen</h5>



<p>Nachwuchswissenschaftler*innen sind herzlich eingeladen, ihre Forschungsprojekte und Qualifikationsarbeiten vorzustellen. Ein Panel der Tagung wird dem Nachwuchs gewidmet. </p>



<div class="wp-block-buttons is-layout-flex wp-block-buttons-is-layout-flex">
<div class="wp-block-button"><a class="wp-block-button__link no-border-radius" href="https://sites.ifkw.lmu.de/mpaed2021/call-for-papers/call-for-papers-nachwuchs/">zum Call for Papers der Nachwuchsgruppen</a></div>
</div>
</div>
</div>



<p>Interdisziplinär ausgerichtete, oder aus anderen Fachdisziplinen stammende Beiträge sind ausdrücklich erwünscht. Die Tagung soll Raum zum intensiven und fachübergreifenden Austausch bieten. Erbeten werden konzeptionelle und theoretische Beiträge sowie empirische Arbeiten, auch aus laufenden Projektkontexten. Volltexte der Beiträge können nach der Tagung zur Publikation im <em>Jahrbuch Medienpädagogik 19</em> eingereicht werden.</p>



<p>Die Mitteilung über die Annahme der Abstracts erfolgt im Frühjahr 2021.</p>

<p>Nutzen Sie die Möglichkeit, sich mit einem eigenem Vortrag an der gemeinsamen Herbsttagung der Sektion und Fachgruppe Medienpädagogik (DGfE und DGPuK) zu beteiligen. Im Call for Papers finden Sie die Themen, zu denen Einreichungen möglich sind sowie alle relevanten Termine und Informationen in welcher Form die Einreichung erfolgen sollte. Call &hellip;</p>
