{"id":568,"date":"2019-04-05T08:49:54","date_gmt":"2019-04-05T08:49:54","guid":{"rendered":"http:\/\/sites.ifkw.lmu.de\/forchange\/?page_id=568"},"modified":"2021-03-02T08:51:08","modified_gmt":"2021-03-02T08:51:08","slug":"members-of-forchange","status":"publish","type":"page","link":"https:\/\/sites.ifkw.lmu.de\/forchange\/members-of-forchange\/","title":{"rendered":"Members of ForChange"},"content":{"rendered":"<div class=\"content-section content-section-spacing\" id=\"initial-content-section\" data-label=\"Initial Content\" data-id=\"initial-content-section\" data-export-id=\"initial-content-section\">\n   <div class=\"gridContainer\">\n     <div class=\"row\">\n\n        <div class=\"col-xs-12 col-sm-12\">                <p><\/p>\n<p>Dr. Sue Claire&nbsp;<strong>Berning<\/strong><\/p>\n<p><\/p>\n<p><\/p>\n<p>Prof. Dr. Claudia R.&nbsp;<strong>Binder<\/strong><\/p>\n<p><\/p>\n<p><\/p>\n<p>Dr. Carolin&nbsp;<strong>Blum<\/strong><\/p>\n<p><\/p>\n<p><\/p>\n<p>Dipl. Geogr. Amra&nbsp;<strong>Bobar<\/strong><\/p>\n<p><\/p>\n<p><\/p>\n<p>Dipl.-Psych. Carolin&nbsp;<strong>Braun<\/strong><\/p>\n<p><\/p>\n<p><\/p>\n<p>PD Dr. phil. Dipl.-Ing. Stefan&nbsp;<strong>B\u00f6schen<\/strong><\/p>\n<p><\/p>\n<p><\/p>\n<p>RAin Tina de&nbsp;<strong>Vries<\/strong><\/p>\n<p><\/p>\n<p><\/p>\n<p>Prof. Dr. Richard&nbsp;<strong>Frensch<\/strong><\/p>\n<p><\/p>\n<p><\/p>\n<p>Dr. Miriam&nbsp;<strong>Frey<\/strong><\/p>\n<p><\/p>\n<p><\/p>\n<p>Dr. &nbsp;Benedikt&nbsp;<strong>Gleich<\/strong><\/p>\n<p><\/p>\n<p><\/p>\n<p>Dr. Rebecca&nbsp;<strong>Gutwald<\/strong><\/p>\n<p><\/p>\n<p><\/p>\n<p>Silja&nbsp;<strong>Hartmann<\/strong>, M.Sc.<\/p>\n<p><\/p>\n<p><\/p>\n<p>Prof. Dr. Dirk&nbsp;<strong>Holtbr\u00fcgge<\/strong><\/p>\n<p><\/p>\n<p><\/p>\n<p>Prof. Dr. J\u00f6rn&nbsp;<strong>Hurtienne<\/strong><\/p>\n<p><\/p>\n<p><\/p>\n<p>Prof. Dr. Martin&nbsp;<strong>H\u00f6gl<\/strong><\/p>\n<p><\/p>\n<p><\/p>\n<p>Stela&nbsp;<strong>Ivanova<\/strong>, LL.M.<\/p>\n<p><\/p>\n<p><\/p>\n<p>Dipl.-Geogr. Michael&nbsp;<strong>Jedelhauser<\/strong><\/p>\n<p><\/p>\n<p><\/p>\n<p>Maria&nbsp;<strong>Karidi<\/strong>, M.A.<\/p>\n<p><\/p>\n<p><\/p>\n<p>RA Prof. Dr. Herbert&nbsp;<strong>K\u00fcpper<\/strong><\/p>\n<p><\/p>\n<p><\/p>\n<p>Dr. Stefan&nbsp;<strong>May<\/strong><\/p>\n<p><\/p>\n<p><\/p>\n<p>Dr. Herbert&nbsp;<strong>Mayer<\/strong><\/p>\n<p><\/p>\n<p><\/p>\n<p>Prof. Dr. Michael&nbsp;<strong>Meyen<\/strong><\/p>\n<p><\/p>\n<p><\/p>\n<p>Prof. Dr. Julian&nbsp;<strong>Nida-R\u00fcmelin<\/strong><\/p>\n<p><\/p>\n<p><\/p>\n<p>Prof. Dr. Gerhild&nbsp;<strong>Nieding<\/strong><\/p>\n<p><\/p>\n<p><\/p>\n<p>Prof. Dr. Andreas&nbsp;<strong>Rathgeber<\/strong><\/p>\n<p><\/p>\n<p><\/p>\n<p>Charlotte&nbsp;<strong>Rungius<\/strong>, M.A.<\/p>\n<p><\/p>\n<p><\/p>\n<p>Dr. Martin&nbsp;<strong>Schneider<\/strong><\/p>\n<p><\/p>\n<p><\/p>\n<p>Prof. Dr. Dres. h.c. Friedrich-Christian&nbsp;<strong>Schroeder<\/strong><\/p>\n<p><\/p>\n<p><\/p>\n<p>Dipl.-P\u00e4d. Helga&nbsp;<strong>Schubert<\/strong><\/p>\n<p><\/p>\n<p><\/p>\n<p>Dr. Anne<strong>&nbsp;von Streit<\/strong><\/p>\n<p><\/p>\n<p><\/p>\n<p>Sabine&nbsp;<strong>Toussaint<\/strong>, M.A.<\/p>\n<p><\/p>\n<p><\/p>\n<p>Roman&nbsp;<strong>Thurn<\/strong>, M.A.<\/p>\n<p><\/p>\n<p><\/p>\n<p>Prof. Dr. Markus&nbsp;<strong>Vogt<\/strong><\/p>\n<p><\/p>\n<p><\/p>\n<p>Dr. Matthias&nbsp;<strong>Wei\u00df<\/strong><\/p>\n<p><\/p>\n<p><\/p>\n<p>Prof. Dr. Christoph&nbsp;<strong>Weller<\/strong><\/p>\n<p><\/p>\n<p><\/p>\n<p>Prof. Dr. Gordon&nbsp;<strong>Winder<\/strong><\/p>\n<p><\/p>\n<p><\/p>\n<p>\u2013<\/p>\n<p><\/p>\n<p><\/p>\n<p><strong><em>passive Members:<\/em><\/strong><\/p>\n<p><\/p>\n<p><\/p>\n<p>Marie Aschenbrenner<\/p>\n<p><\/p>\n<p><\/p>\n<p>Johanna B\u00e4r<\/p>\n<p><\/p>\n<p><\/p>\n<p>Dipl.-Psych. Verena Gralke<\/p>\n<p><\/p>\n<p><\/p>\n<p>Marie Susan M\u00fchlemeier, M.A.<\/p>\n<p><\/p>\n<p><\/p>\n<p>Dr. Jochen Ostheimer<\/p>\n<p><\/p>\n<p><\/p>\n<p>Dipl. Ing. Holger Sauter&nbsp;<\/p>\n<p><\/p>\n<p><\/p>\n<p>Thorsten Schilling, M.Sc.<\/p>\n<p><\/p>\n<p><\/p>\n<p>Simona&nbsp;Wieser, M.A.&nbsp;(until 31\/12\/2015)<\/p>\n<p><\/p>\n<p><\/p>\n<p>Romano Wyss, M.Sc.<\/p>\n<p><\/p>\n\n          <\/div>\n      <\/div>\n  <\/div>\n<\/div>","protected":false},"excerpt":{"rendered":"<p>Dr. Sue Claire&nbsp;Berning Prof. Dr. Claudia R.&nbsp;Binder Dr. Carolin&nbsp;Blum Dipl. Geogr. Amra&nbsp;Bobar Dipl.-Psych. Carolin&nbsp;Braun PD Dr. phil. Dipl.-Ing. Stefan&nbsp;B\u00f6schen RAin Tina de&nbsp;Vries Prof. Dr. Richard&nbsp;Frensch Dr. Miriam&nbsp;Frey Dr. &nbsp;Benedikt&nbsp;Gleich Dr. Rebecca&nbsp;Gutwald Silja&nbsp;Hartmann, M.Sc. Prof. Dr. Dirk&nbsp;Holtbr\u00fcgge Prof. Dr. J\u00f6rn&nbsp;Hurtienne Prof. Dr. Martin&nbsp;H\u00f6gl Stela&nbsp;Ivanova, LL.M. Dipl.-Geogr. Michael&nbsp;Jedelhauser Maria&nbsp;Karidi, M.A. RA Prof. Dr. Herbert&nbsp;K\u00fcpper Dr. Stefan&nbsp;May Dr.&hellip; <br \/> <a class=\"read-more\" href=\"https:\/\/sites.ifkw.lmu.de\/forchange\/members-of-forchange\/\">Read more<\/a><\/p>\n","protected":false},"author":10,"featured_media":0,"parent":0,"menu_order":0,"comment_status":"closed","ping_status":"closed","template":"pro\/page-templates\/full-width-page.php","meta":{"ngg_post_thumbnail":0,"footnotes":""},"class_list":["post-568","page","type-page","status-publish","hentry"],"_links":{"self":[{"href":"https:\/\/sites.ifkw.lmu.de\/forchange\/wp-json\/wp\/v2\/pages\/568","targetHints":{"allow":["GET"]}}],"collection":[{"href":"https:\/\/sites.ifkw.lmu.de\/forchange\/wp-json\/wp\/v2\/pages"}],"about":[{"href":"https:\/\/sites.ifkw.lmu.de\/forchange\/wp-json\/wp\/v2\/types\/page"}],"author":[{"embeddable":true,"href":"https:\/\/sites.ifkw.lmu.de\/forchange\/wp-json\/wp\/v2\/users\/10"}],"replies":[{"embeddable":true,"href":"https:\/\/sites.ifkw.lmu.de\/forchange\/wp-json\/wp\/v2\/comments?post=568"}],"version-history":[{"count":6,"href":"https:\/\/sites.ifkw.lmu.de\/forchange\/wp-json\/wp\/v2\/pages\/568\/revisions"}],"predecessor-version":[{"id":844,"href":"https:\/\/sites.ifkw.lmu.de\/forchange\/wp-json\/wp\/v2\/pages\/568\/revisions\/844"}],"wp:attachment":[{"href":"https:\/\/sites.ifkw.lmu.de\/forchange\/wp-json\/wp\/v2\/media?parent=568"}],"curies":[{"name":"wp","href":"https:\/\/api.w.org\/{rel}","templated":true}]}}