{"id":471,"date":"2019-06-11T05:28:12","date_gmt":"2019-06-11T05:28:12","guid":{"rendered":"http:\/\/sites.ifkw.lmu.de\/forchange\/?page_id=471"},"modified":"2019-06-11T05:28:12","modified_gmt":"2019-06-11T05:28:12","slug":"media-and-social-change","status":"publish","type":"page","link":"https:\/\/sites.ifkw.lmu.de\/forchange\/media-and-social-change\/","title":{"rendered":"Media and Social Change"},"content":{"rendered":"\n<h4 class=\"wp-block-heading\"><strong>Media and Social Change: Media Literacy in Youth and Early Adulthood as a Resilience Factor&nbsp;(2013-2017)<\/strong> <\/h4>\n\n\n\n<p>Prof. Dr. Gerhild Nieding<br>Dipl. Psych. Carolin Braun<br>Universit\u00e4t W\u00fcrzburg, Institut f\u00fcr Psychologie, Entwicklungspsychologie <\/p>\n\n\n\n<p>The project is supported by the Bavarian State Ministry for Education, Science and the Arts under the Bavarian research network \u201cFit for Change\u201d.<\/p>\n\n\n\n<p>Under a (developmental) psychological perspective, resilience can be understood as an (adapt) ability to manage one\u2019s own development despite possible unfavorable circumstances.<\/p>\n\n\n\n<p>Because media are involved in processes of continuous dynamic change in society and often accentuate them critically, dealing competently with the media is becoming a necessary resilience factor for all individuals.<\/p>\n\n\n\n<p>In this project, the development of media literacy in adolescents and young adults will be examined in a longitudinal survey, using a computerized online media literacy test, which we developed.<\/p>\n\n\n\n<p>We aim to verify the assumption that media literacy is a resilience factor for accelerated processes of social change.<\/p>\n\n\n\n<p>In addition, relevant cognitive and social-emotional variables will be collected.<\/p>\n\n\n\n<p>Based on the results, a media skills training for adolescents and young adults will be developed and subjected to a first evaluation.<\/p>\n","protected":false},"excerpt":{"rendered":"<p>Media and Social Change: Media Literacy in Youth and Early Adulthood as a Resilience Factor&nbsp;(2013-2017) Prof. Dr. Gerhild NiedingDipl. Psych. Carolin BraunUniversit\u00e4t W\u00fcrzburg, Institut f\u00fcr Psychologie, Entwicklungspsychologie The project is supported by the Bavarian State Ministry for Education, Science and the Arts under the Bavarian research network \u201cFit for Change\u201d. Under a (developmental) psychological perspective,&hellip; <br \/> <a class=\"read-more\" href=\"https:\/\/sites.ifkw.lmu.de\/forchange\/media-and-social-change\/\">Read more<\/a><\/p>\n","protected":false},"author":3,"featured_media":0,"parent":0,"menu_order":0,"comment_status":"closed","ping_status":"closed","template":"","meta":{"ngg_post_thumbnail":0,"footnotes":""},"class_list":["post-471","page","type-page","status-publish","hentry"],"_links":{"self":[{"href":"https:\/\/sites.ifkw.lmu.de\/forchange\/wp-json\/wp\/v2\/pages\/471","targetHints":{"allow":["GET"]}}],"collection":[{"href":"https:\/\/sites.ifkw.lmu.de\/forchange\/wp-json\/wp\/v2\/pages"}],"about":[{"href":"https:\/\/sites.ifkw.lmu.de\/forchange\/wp-json\/wp\/v2\/types\/page"}],"author":[{"embeddable":true,"href":"https:\/\/sites.ifkw.lmu.de\/forchange\/wp-json\/wp\/v2\/users\/3"}],"replies":[{"embeddable":true,"href":"https:\/\/sites.ifkw.lmu.de\/forchange\/wp-json\/wp\/v2\/comments?post=471"}],"version-history":[{"count":2,"href":"https:\/\/sites.ifkw.lmu.de\/forchange\/wp-json\/wp\/v2\/pages\/471\/revisions"}],"predecessor-version":[{"id":708,"href":"https:\/\/sites.ifkw.lmu.de\/forchange\/wp-json\/wp\/v2\/pages\/471\/revisions\/708"}],"wp:attachment":[{"href":"https:\/\/sites.ifkw.lmu.de\/forchange\/wp-json\/wp\/v2\/media?parent=471"}],"curies":[{"name":"wp","href":"https:\/\/api.w.org\/{rel}","templated":true}]}}