{"id":209,"date":"2020-12-06T10:48:57","date_gmt":"2020-12-06T10:48:57","guid":{"rendered":"https:\/\/sites.ifkw.lmu.de\/RezFo21\/?page_id=209"},"modified":"2020-12-06T10:57:45","modified_gmt":"2020-12-06T10:57:45","slug":"call-for-papers","status":"publish","type":"page","link":"https:\/\/sites.ifkw.lmu.de\/RezFo21\/call-for-papers\/","title":{"rendered":"Call for Papers"},"content":{"rendered":"<h1>Call for Papers<\/h1>\n<div>\n<p>Die Jahrestagung der Fachgruppe Rezeptions- und Wirkungsforschung wird 2020 zum ersten Mal komplett virtuell stattfinden. Passend zu unserem Tagungsthema Nachhaltigkeit wollen wir dieses Experiment wagen und versuchen, das Tagungserleben dabei m\u00f6glichst \u201eRezFo-getreu\u201c umzusetzen. Auch wenn die konkrete Planung noch im Gange ist, haben wir einige Rahmenbedingungen bereits festgelegt. Zun\u00e4chst wollen wir versuchen, m\u00f6glichst viele Elemente der Tagung tats\u00e4chlich synchron und damit \u00e4hnlich zu einer Pr\u00e4senztagung ablaufen zu lassen. Es wird also regul\u00e4re Panels geben, in denen die Vortragenden virtuell ca. 15 Minuten pr\u00e4sentieren und im Anschluss gibt es eine Fragerunde. Selbstverst\u00e4ndlich wird es die M\u00f6glichkeit geben, den Vortrag vorab aufzunehmen, falls man sich aus Gr\u00fcnden nicht in der Lage sieht, live zu pr\u00e4sentieren. Dar\u00fcber hinaus ist geplant, die einzelnen Vortr\u00e4ge (d.h. nicht die ganze virtuelle Session) aufzuzeichnen, so dass diese von den Tagungsteilnehmer*innen im Nachgang noch genutzt werden k\u00f6nnen (wenn man z.B. in einer Parallel-Session war).<\/p>\n<\/div>\n<div>\n<h3>Call for Papers<\/h3>\n<div>\n<p>als PDF herunterladen<\/p>\n<\/div>\n<p><a href=\"\/RezFo21\/wp-content\/uploads\/sites\/5\/2020\/08\/Call_Jahrestagung-Rezfo_2021_Muenchen_virtuell.pdf\"><\/a><\/p>\n<\/div>\n<div>\n<h3>Einreichungen ansehen<\/h3>\n<div>\n<p>auf ConfTool.pro<\/p>\n<\/div>\n<p><a href=\"https:\/\/www.conftool.pro\/rezfo2021 \"><\/a><\/p>\n<\/div>\n<div>\n<p>Vortragsvorschl\u00e4ge (in Abh\u00e4ngigkeit von der Anzahl der Einreichungen 15 bis 20 Minuten plus Diskussion) sind als Extended Abstract (maximal 1.000 W\u00f6rter, exkl. Anhang und Literaturverzeichnis) bis zum 15. September 2020 unter\u00a0<a class=\"customize-unpreviewable\" href=\"https:\/\/www.conftool.pro\/rezfo2021\">https:\/\/www.conftool.pro\/rezfo2021<\/a>\u00a0einzureichen (Startdatum: 15. August 2020).<\/p>\n<\/div>\n<p><!-- {\"type\":\"layout\",\"children\":[{\"type\":\"section\",\"props\":{\"style\":\"default\",\"width\":\"default\",\"vertical_align\":\"middle\",\"title_position\":\"top-left\",\"title_rotation\":\"left\",\"title_breakpoint\":\"xl\",\"image_position\":\"center-center\"},\"children\":[{\"type\":\"row\",\"children\":[{\"type\":\"column\",\"props\":{\"image_position\":\"center-center\",\"media_overlay_gradient\":\"\"},\"children\":[{\"type\":\"headline\",\"props\":{\"title_element\":\"h1\",\"content\":\"Call for Papers\",\"title_decoration\":\"line\"}},{\"type\":\"text\",\"props\":{\"margin\":\"default\",\"column_breakpoint\":\"m\",\"content\":\"\n\n<p>Die Jahrestagung der Fachgruppe Rezeptions- und Wirkungsforschung wird 2020 zum ersten Mal komplett virtuell stattfinden. Passend zu unserem Tagungsthema Nachhaltigkeit wollen wir dieses Experiment wagen und versuchen, das Tagungserleben dabei m\\u00f6glichst \\u201eRezFo-getreu\\u201c umzusetzen. Auch wenn die konkrete Planung noch im Gange ist, haben wir einige Rahmenbedingungen bereits festgelegt. Zun\\u00e4chst wollen wir versuchen, m\\u00f6glichst viele Elemente der Tagung tats\\u00e4chlich synchron und damit \\u00e4hnlich zu einer Pr\\u00e4senztagung ablaufen zu lassen. Es wird also regul\\u00e4re Panels geben, in denen die Vortragenden virtuell ca. 15 Minuten pr\\u00e4sentieren und im Anschluss gibt es eine Fragerunde. Selbstverst\\u00e4ndlich wird es die M\\u00f6glichkeit geben, den Vortrag vorab aufzunehmen, falls man sich aus Gr\\u00fcnden nicht in der Lage sieht, live zu pr\\u00e4sentieren. Dar\\u00fcber hinaus ist geplant, die einzelnen Vortr\\u00e4ge (d.h. nicht die ganze virtuelle Session) aufzuzeichnen, so dass diese von den Tagungsteilnehmer*innen im Nachgang noch genutzt werden k\\u00f6nnen (wenn man z.B. in einer Parallel-Session war).<\\\/p>\",\"column\":\"1-2\"}}]}]},{\"type\":\"row\",\"props\":{\"layout\":\"1-2,1-2\"},\"children\":[{\"type\":\"column\",\"props\":{\"image_position\":\"center-center\",\"media_overlay_gradient\":\"\",\"width_medium\":\"1-2\"},\"children\":[{\"type\":\"panel\",\"props\":{\"link_text\":\"\",\"title_hover_style\":\"reset\",\"title_element\":\"h3\",\"title_align\":\"top\",\"title_grid_width\":\"1-2\",\"title_grid_breakpoint\":\"m\",\"meta_style\":\"meta\",\"meta_align\":\"below-title\",\"meta_element\":\"div\",\"content_column_breakpoint\":\"m\",\"icon_width\":80,\"image_align\":\"left\",\"image_grid_width\":\"small\",\"image_grid_breakpoint\":\"s\",\"image_svg_color\":\"emphasis\",\"link_style\":\"default\",\"margin\":\"default\",\"icon\":\"file-pdf\",\"link\":\"wp-content\\\/uploads\\\/sites\\\/5\\\/2020\\\/08\\\/Call_Jahrestagung-Rezfo_2021_Muenchen_virtuell.pdf\",\"panel_link\":true,\"panel_style\":\"card-default\",\"title\":\"Call for Papers\",\"content\":\"\n\n<p>als PDF herunterladen<\\\/p>\",\"content_margin\":\"remove\",\"icon_color\":\"primary\",\"panel_size\":\"small\"}}]},{\"type\":\"column\",\"props\":{\"image_position\":\"center-center\",\"media_overlay_gradient\":\"\",\"width_medium\":\"1-2\"},\"children\":[{\"type\":\"panel\",\"props\":{\"link_text\":\"\",\"title_hover_style\":\"reset\",\"title_element\":\"h3\",\"title_align\":\"top\",\"title_grid_width\":\"1-2\",\"title_grid_breakpoint\":\"m\",\"meta_style\":\"meta\",\"meta_align\":\"below-title\",\"meta_element\":\"div\",\"content_column_breakpoint\":\"m\",\"icon_width\":80,\"image_align\":\"left\",\"image_grid_width\":\"small\",\"image_grid_breakpoint\":\"s\",\"image_svg_color\":\"emphasis\",\"link_style\":\"default\",\"margin\":\"default\",\"icon\":\"push\",\"link\":\"https:\\\/\\\/www.conftool.pro\\\/rezfo2021 \",\"panel_link\":true,\"panel_style\":\"card-default\",\"title\":\"Einreichungen ansehen\",\"content\":\"\n\n<p>auf ConfTool.pro<\\\/p>\",\"content_margin\":\"remove\",\"icon_color\":\"primary\",\"panel_size\":\"small\",\"link_target\":true}}]}]},{\"type\":\"row\",\"children\":[{\"type\":\"column\",\"props\":{\"image_position\":\"center-center\",\"media_overlay_gradient\":\"\"},\"children\":[{\"type\":\"text\",\"props\":{\"margin\":\"default\",\"column_breakpoint\":\"m\",\"content\":\"\n\n<p>Vortragsvorschl\\u00e4ge (in Abh\\u00e4ngigkeit von der Anzahl der Einreichungen 15 bis 20 Minuten plus Diskussion) sind als Extended Abstract (maximal 1.000 W\\u00f6rter, exkl. Anhang und Literaturverzeichnis) bis zum 15. September 2020 unter\\u00a0<a class=\\\"customize-unpreviewable\\\" href=\\\"https:\\\/\\\/www.conftool.pro\\\/rezfo2021\\\">https:\\\/\\\/www.conftool.pro\\\/rezfo2021<\\\/a>\\u00a0einzureichen (Startdatum: 15. August 2020).<\\\/p>\"}}]}]}]}],\"version\":\"2.2.2\"} --><\/p>\n","protected":false},"excerpt":{"rendered":"<p>Call for Papers Die Jahrestagung der Fachgruppe Rezeptions- und Wirkungsforschung wird 2020 zum ersten Mal komplett virtuell stattfinden. Passend zu unserem Tagungsthema Nachhaltigkeit wollen wir dieses Experiment wagen und versuchen, das Tagungserleben dabei m\u00f6glichst \u201eRezFo-getreu\u201c umzusetzen. Auch wenn die konkrete Planung noch im Gange ist, haben wir einige Rahmenbedingungen bereits festgelegt. Zun\u00e4chst wollen wir versuchen, [&hellip;]<\/p>\n","protected":false},"author":173,"featured_media":0,"parent":0,"menu_order":0,"comment_status":"closed","ping_status":"closed","template":"","meta":{"ngg_post_thumbnail":0,"footnotes":""},"class_list":["post-209","page","type-page","status-publish","hentry"],"_links":{"self":[{"href":"https:\/\/sites.ifkw.lmu.de\/RezFo21\/wp-json\/wp\/v2\/pages\/209","targetHints":{"allow":["GET"]}}],"collection":[{"href":"https:\/\/sites.ifkw.lmu.de\/RezFo21\/wp-json\/wp\/v2\/pages"}],"about":[{"href":"https:\/\/sites.ifkw.lmu.de\/RezFo21\/wp-json\/wp\/v2\/types\/page"}],"author":[{"embeddable":true,"href":"https:\/\/sites.ifkw.lmu.de\/RezFo21\/wp-json\/wp\/v2\/users\/173"}],"replies":[{"embeddable":true,"href":"https:\/\/sites.ifkw.lmu.de\/RezFo21\/wp-json\/wp\/v2\/comments?post=209"}],"version-history":[{"count":7,"href":"https:\/\/sites.ifkw.lmu.de\/RezFo21\/wp-json\/wp\/v2\/pages\/209\/revisions"}],"predecessor-version":[{"id":225,"href":"https:\/\/sites.ifkw.lmu.de\/RezFo21\/wp-json\/wp\/v2\/pages\/209\/revisions\/225"}],"wp:attachment":[{"href":"https:\/\/sites.ifkw.lmu.de\/RezFo21\/wp-json\/wp\/v2\/media?parent=209"}],"curies":[{"name":"wp","href":"https:\/\/api.w.org\/{rel}","templated":true}]}}

<h1>Call for Papers</h1>
<div>
<p>Die Jahrestagung der Fachgruppe Rezeptions- und Wirkungsforschung wird 2020 zum ersten Mal komplett virtuell stattfinden. Passend zu unserem Tagungsthema Nachhaltigkeit wollen wir dieses Experiment wagen und versuchen, das Tagungserleben dabei möglichst „RezFo-getreu“ umzusetzen. Auch wenn die konkrete Planung noch im Gange ist, haben wir einige Rahmenbedingungen bereits festgelegt. Zunächst wollen wir versuchen, möglichst viele Elemente der Tagung tatsächlich synchron und damit ähnlich zu einer Präsenztagung ablaufen zu lassen. Es wird also reguläre Panels geben, in denen die Vortragenden virtuell ca. 15 Minuten präsentieren und im Anschluss gibt es eine Fragerunde. Selbstverständlich wird es die Möglichkeit geben, den Vortrag vorab aufzunehmen, falls man sich aus Gründen nicht in der Lage sieht, live zu präsentieren. Darüber hinaus ist geplant, die einzelnen Vorträge (d.h. nicht die ganze virtuelle Session) aufzuzeichnen, so dass diese von den Tagungsteilnehmer*innen im Nachgang noch genutzt werden können (wenn man z.B. in einer Parallel-Session war).</p>
</div>
<div>
<h3>Call for Papers</h3>
<div>
<p>als PDF herunterladen</p>
</div>
<p><a href="/RezFo21/wp-content/uploads/sites/5/2020/08/Call_Jahrestagung-Rezfo_2021_Muenchen_virtuell.pdf"></a></p>
</div>
<div>
<h3>Einreichungen ansehen</h3>
<div>
<p>auf ConfTool.pro</p>
</div>
<p><a href="https://www.conftool.pro/rezfo2021 "></a></p>
</div>
<div>
<p>Vortragsvorschläge (in Abhängigkeit von der Anzahl der Einreichungen 15 bis 20 Minuten plus Diskussion) sind als Extended Abstract (maximal 1.000 Wörter, exkl. Anhang und Literaturverzeichnis) bis zum 15. September 2020 unter <a class="customize-unpreviewable" href="https://www.conftool.pro/rezfo2021">https://www.conftool.pro/rezfo2021</a> einzureichen (Startdatum: 15. August 2020).</p>
</div>
<p><!-- {"type":"layout","children":[{"type":"section","props":{"style":"default","width":"default","vertical_align":"middle","title_position":"top-left","title_rotation":"left","title_breakpoint":"xl","image_position":"center-center"},"children":[{"type":"row","children":[{"type":"column","props":{"image_position":"center-center","media_overlay_gradient":""},"children":[{"type":"headline","props":{"title_element":"h1","content":"Call for Papers","title_decoration":"line"}},{"type":"text","props":{"margin":"default","column_breakpoint":"m","content":"

<p>Die Jahrestagung der Fachgruppe Rezeptions- und Wirkungsforschung wird 2020 zum ersten Mal komplett virtuell stattfinden. Passend zu unserem Tagungsthema Nachhaltigkeit wollen wir dieses Experiment wagen und versuchen, das Tagungserleben dabei m\u00f6glichst \u201eRezFo-getreu\u201c umzusetzen. Auch wenn die konkrete Planung noch im Gange ist, haben wir einige Rahmenbedingungen bereits festgelegt. Zun\u00e4chst wollen wir versuchen, m\u00f6glichst viele Elemente der Tagung tats\u00e4chlich synchron und damit \u00e4hnlich zu einer Pr\u00e4senztagung ablaufen zu lassen. Es wird also regul\u00e4re Panels geben, in denen die Vortragenden virtuell ca. 15 Minuten pr\u00e4sentieren und im Anschluss gibt es eine Fragerunde. Selbstverst\u00e4ndlich wird es die M\u00f6glichkeit geben, den Vortrag vorab aufzunehmen, falls man sich aus Gr\u00fcnden nicht in der Lage sieht, live zu pr\u00e4sentieren. Dar\u00fcber hinaus ist geplant, die einzelnen Vortr\u00e4ge (d.h. nicht die ganze virtuelle Session) aufzuzeichnen, so dass diese von den Tagungsteilnehmer*innen im Nachgang noch genutzt werden k\u00f6nnen (wenn man z.B. in einer Parallel-Session war).<\/p>","column":"1-2"}}]}]},{"type":"row","props":{"layout":"1-2,1-2"},"children":[{"type":"column","props":{"image_position":"center-center","media_overlay_gradient":"","width_medium":"1-2"},"children":[{"type":"panel","props":{"link_text":"","title_hover_style":"reset","title_element":"h3","title_align":"top","title_grid_width":"1-2","title_grid_breakpoint":"m","meta_style":"meta","meta_align":"below-title","meta_element":"div","content_column_breakpoint":"m","icon_width":80,"image_align":"left","image_grid_width":"small","image_grid_breakpoint":"s","image_svg_color":"emphasis","link_style":"default","margin":"default","icon":"file-pdf","link":"wp-content\/uploads\/sites\/5\/2020\/08\/Call_Jahrestagung-Rezfo_2021_Muenchen_virtuell.pdf","panel_link":true,"panel_style":"card-default","title":"Call for Papers","content":"

<p>als PDF herunterladen<\/p>","content_margin":"remove","icon_color":"primary","panel_size":"small"}}]},{"type":"column","props":{"image_position":"center-center","media_overlay_gradient":"","width_medium":"1-2"},"children":[{"type":"panel","props":{"link_text":"","title_hover_style":"reset","title_element":"h3","title_align":"top","title_grid_width":"1-2","title_grid_breakpoint":"m","meta_style":"meta","meta_align":"below-title","meta_element":"div","content_column_breakpoint":"m","icon_width":80,"image_align":"left","image_grid_width":"small","image_grid_breakpoint":"s","image_svg_color":"emphasis","link_style":"default","margin":"default","icon":"push","link":"https:\/\/www.conftool.pro\/rezfo2021 ","panel_link":true,"panel_style":"card-default","title":"Einreichungen ansehen","content":"

<p>auf ConfTool.pro<\/p>","content_margin":"remove","icon_color":"primary","panel_size":"small","link_target":true}}]}]},{"type":"row","children":[{"type":"column","props":{"image_position":"center-center","media_overlay_gradient":""},"children":[{"type":"text","props":{"margin":"default","column_breakpoint":"m","content":"

<p>Vortragsvorschl\u00e4ge (in Abh\u00e4ngigkeit von der Anzahl der Einreichungen 15 bis 20 Minuten plus Diskussion) sind als Extended Abstract (maximal 1.000 W\u00f6rter, exkl. Anhang und Literaturverzeichnis) bis zum 15. September 2020 unter\u00a0<a class=\"customize-unpreviewable\" href=\"https:\/\/www.conftool.pro\/rezfo2021\">https:\/\/www.conftool.pro\/rezfo2021<\/a>\u00a0einzureichen (Startdatum: 15. August 2020).<\/p>"}}]}]}]}],"version":"2.2.2"} --></p>

<p>Call for Papers Die Jahrestagung der Fachgruppe Rezeptions- und Wirkungsforschung wird 2020 zum ersten Mal komplett virtuell stattfinden. Passend zu unserem Tagungsthema Nachhaltigkeit wollen wir dieses Experiment wagen und versuchen, das Tagungserleben dabei möglichst „RezFo-getreu“ umzusetzen. Auch wenn die konkrete Planung noch im Gange ist, haben wir einige Rahmenbedingungen bereits festgelegt. Zunächst wollen wir versuchen, [&hellip;]</p>
