{"id":117,"date":"2020-12-05T14:57:19","date_gmt":"2020-12-05T14:57:19","guid":{"rendered":"https:\/\/sites.ifkw.lmu.de\/RezFo21\/?page_id=117"},"modified":"2021-01-26T12:59:58","modified_gmt":"2021-01-26T12:59:58","slug":"tagungsinformationen","status":"publish","type":"page","link":"https:\/\/sites.ifkw.lmu.de\/RezFo21\/tagungsinformationen\/","title":{"rendered":"Tagungsinformationen"},"content":{"rendered":"<h1>Tagungsinformationen<\/h1>\n<div>\n<p>Die Jahrestagung der Fachgruppe Rezeptions\u2010 und Wirkungsforschung in der Deutschen Gesellschaft f\u00fcr Publizistik\u2010 und Kommunikationswissenschaft (DGPuK) findet vom <strong>27. Januar bis 29. Januar 2021<\/strong> im \u201evirtuellen M\u00fcnchen\u201c statt. Die Tagung wird ausgerichtet von Christina Peter (LMU M\u00fcnchen), Anna Sophie K\u00fcmpel (TU Dresden) und Diana Rieger (LMU M\u00fcnchen). Informationen zum zeitlichen und inhaltlichen Ablauf der Tagung finden Sie im<a href=\"https:\/\/sites.ifkw.lmu.de\/RezFo21\/programm\/\"><strong> Programm<\/strong><\/a>.<\/p>\n<p>Die virtuelle Tagung findet auf der Plattform<strong> Zoom<\/strong> statt. Alle angemeldeten Teilnehmer*innen werden im Vorfeld der Tagung dar\u00fcber informiert, wie das interessierende Panel bzw. die interessierende Veranstaltung erreicht werden kann. F\u00fcr Teilnehmer*innen, die noch nicht mit Zoom gearbeitet haben (und auch f\u00fcr alle anderen) gibt es <a href=\"#zoom\">hier<\/a> einen Guide zur Zoom-Nutzung. Wir bitten jedoch <em>alle <\/em>Teilnehmer*innen, diesen Guide anzuschauen, da dieser neben allgemeinen Nutzungshinweisen auch Hinweise zur \u201aZoom-Etikette\u2018 der Tagung enth\u00e4lt.<\/p>\n<p>Wie bei einer Pr\u00e4senztagung finden die Vortr\u00e4ge <strong>live<\/strong> statt \u2013 nur eben nicht in einem Raum an der LMU M\u00fcnchen, sondern via Zoom. Im Gegensatz zu bisherigen Jahrestagungen haben wir aufgrund des Online-Formats die <strong>Vortragszeit auf 12 Minuten<\/strong> reduziert. Wir bitten alle Vortragenden, sich an diese Zeitvorgabe zu halten. Zur Pr\u00e4sentation der Vortr\u00e4ge kann wie gewohnt auf eine Pr\u00e4sentationssoftware (PowerPoint, Keynote o.\u00e4.) zur\u00fcckgegriffen werden \u2013 die Vortragenden erhalten die Erlaubnis, Ihren Bildschirm zu teilen, sodass alle Teilnehmer*innen der Pr\u00e4sentation folgen k\u00f6nnen. Auch die Einbindung von Videos und Multi-Media-Elementen ist m\u00f6glich.<\/p>\n<p>Da im Rahmen der Tagung wie \u00fcblich Panels parallel laufen, planen wir, die <strong>Vortr\u00e4ge aufzuzeichnen<\/strong> und im Anschluss in einem gesch\u00fctzten Bereich der Tagungswebseite zur Verf\u00fcgung zu stellen \u2013 so wird es den Teilnehmer*innen erm\u00f6glicht, alle Pr\u00e4sentationen anschauen zu k\u00f6nnen. Selbstverst\u00e4ndlich entscheiden die Vortragenden, ob sie einer Aufzeichnung zustimmen. Wie jedes Jahr gibt es zudem unabh\u00e4ngig von den Aufzeichnungen ein <strong>Book of Abstracts<\/strong>, welches Sie im Bereich\u00a0<a href=\"https:\/\/sites.ifkw.lmu.de\/RezFo21\/programm\/\"><strong>Programm<\/strong><\/a> herunterladen k\u00f6nnen. Das Passwort zum Ansehen der PDF-Datei erhalten die angemeldeten Teilnehmer*innen in einer E-Mail bzw. im Tagungspaket.<\/p>\n<p>Sollten w\u00e4hrend der Tagung technische Probleme auftreten, melden Sie sich im Zoom-Chat oder via E-Mail (<a href=\"mailto:rezfo@ifkw.lmu.de\">rezfo@ifkw.lmu.de<\/a>) bei den Organisator*innen.<\/p>\n<\/div>\n<div>\n<h3>Zoom-Guide<\/h3>\n<div>\n<p>als PDF herunterladen<\/p>\n<\/div>\n<p><a href=\"\/RezFo21\/wp-content\/uploads\/sites\/5\/2021\/01\/Zoom-Guide-2.pdf\"><\/a><\/p>\n<\/div>\n<p><!-- {\"type\":\"layout\",\"children\":[{\"type\":\"section\",\"props\":{\"style\":\"default\",\"width\":\"default\",\"vertical_align\":\"middle\",\"title_position\":\"top-left\",\"title_rotation\":\"left\",\"title_breakpoint\":\"xl\",\"image_position\":\"center-center\"},\"children\":[{\"type\":\"row\",\"children\":[{\"type\":\"column\",\"props\":{\"image_position\":\"center-center\",\"media_overlay_gradient\":\"\"},\"children\":[{\"type\":\"headline\",\"props\":{\"title_element\":\"h1\",\"content\":\"Tagungsinformationen\",\"title_decoration\":\"line\"}},{\"type\":\"text\",\"props\":{\"margin\":\"default\",\"column_breakpoint\":\"m\",\"content\":\"\n\n<p>Die Jahrestagung der Fachgruppe Rezeptions\\u2010 und Wirkungsforschung in der Deutschen Gesellschaft f\\u00fcr Publizistik\\u2010 und Kommunikationswissenschaft (DGPuK) findet vom <strong>27. Januar bis 29. Januar 2021<\\\/strong> im \\u201evirtuellen M\\u00fcnchen\\u201c statt. Die Tagung wird ausgerichtet von Christina Peter (LMU M\\u00fcnchen), Anna Sophie K\\u00fcmpel (TU Dresden) und Diana Rieger (LMU M\\u00fcnchen). Informationen zum zeitlichen und inhaltlichen Ablauf der Tagung finden Sie im<a href=\\\"https:\\\/\\\/sites.ifkw.lmu.de\\\/RezFo21\\\/programm\\\/\\\"><strong> Programm<\\\/strong><\\\/a>.<\\\/p>\\n\n\n<p>Die virtuelle Tagung findet auf der Plattform<strong> Zoom<\\\/strong> statt. Alle angemeldeten Teilnehmer*innen werden im Vorfeld der Tagung dar\\u00fcber informiert, wie das interessierende Panel bzw. die interessierende Veranstaltung erreicht werden kann. F\\u00fcr Teilnehmer*innen, die noch nicht mit Zoom gearbeitet haben (und auch f\\u00fcr alle anderen) gibt es <a href=\\\"#zoom\\\">hier<\\\/a> einen Guide zur Zoom-Nutzung. Wir bitten jedoch <em>alle <\\\/em>Teilnehmer*innen, diesen Guide anzuschauen, da dieser neben allgemeinen Nutzungshinweisen auch Hinweise zur \\u201aZoom-Etikette\\u2018 der Tagung enth\\u00e4lt.<\\\/p>\\n\n\n<p>Wie bei einer Pr\\u00e4senztagung finden die Vortr\\u00e4ge <strong>live<\\\/strong> statt \\u2013 nur eben nicht in einem Raum an der LMU M\\u00fcnchen, sondern via Zoom. Im Gegensatz zu bisherigen Jahrestagungen haben wir aufgrund des Online-Formats die <strong>Vortragszeit auf 12 Minuten<\\\/strong> reduziert. Wir bitten alle Vortragenden, sich an diese Zeitvorgabe zu halten. Zur Pr\\u00e4sentation der Vortr\\u00e4ge kann wie gewohnt auf eine Pr\\u00e4sentationssoftware (PowerPoint, Keynote o.\\u00e4.) zur\\u00fcckgegriffen werden \\u2013 die Vortragenden erhalten die Erlaubnis, Ihren Bildschirm zu teilen, sodass alle Teilnehmer*innen der Pr\\u00e4sentation folgen k\\u00f6nnen. Auch die Einbindung von Videos und Multi-Media-Elementen ist m\\u00f6glich.<\\\/p>\\n\n\n<p>Da im Rahmen der Tagung wie \\u00fcblich Panels parallel laufen, planen wir, die <strong>Vortr\\u00e4ge aufzuzeichnen<\\\/strong> und im Anschluss in einem gesch\\u00fctzten Bereich der Tagungswebseite zur Verf\\u00fcgung zu stellen \\u2013 so wird es den Teilnehmer*innen erm\\u00f6glicht, alle Pr\\u00e4sentationen anschauen zu k\\u00f6nnen. Selbstverst\\u00e4ndlich entscheiden die Vortragenden, ob sie einer Aufzeichnung zustimmen. Wie jedes Jahr gibt es zudem unabh\\u00e4ngig von den Aufzeichnungen ein <strong>Book of Abstracts<\\\/strong>, welches Sie im Bereich\\u00a0<a href=\\\"https:\\\/\\\/sites.ifkw.lmu.de\\\/RezFo21\\\/programm\\\/\\\"><strong>Programm<\\\/strong><\\\/a> herunterladen k\\u00f6nnen. Das Passwort zum Ansehen der PDF-Datei erhalten die angemeldeten Teilnehmer*innen in einer E-Mail bzw. im Tagungspaket.<\\\/p>\\n\n\n<p>Sollten w\\u00e4hrend der Tagung technische Probleme auftreten, melden Sie sich im Zoom-Chat oder via E-Mail (<a href=\\\"mailto:rezfo@ifkw.lmu.de\\\">rezfo@ifkw.lmu.de<\\\/a>) bei den Organisator*innen.<\\\/p>\",\"column\":\"1-2\"}}]}]},{\"type\":\"row\",\"props\":{\"layout\":\"1-2,1-2\"},\"children\":[{\"type\":\"column\",\"props\":{\"image_position\":\"center-center\",\"media_overlay_gradient\":\"\",\"width_medium\":\"1-2\"},\"children\":[{\"type\":\"panel\",\"props\":{\"link_text\":\"\",\"title_hover_style\":\"reset\",\"title_element\":\"h3\",\"title_align\":\"top\",\"title_grid_width\":\"1-2\",\"title_grid_breakpoint\":\"m\",\"meta_style\":\"meta\",\"meta_align\":\"below-title\",\"meta_element\":\"div\",\"content_column_breakpoint\":\"m\",\"icon_width\":\"60\",\"image_align\":\"left\",\"image_grid_width\":\"auto\",\"image_grid_breakpoint\":\"m\",\"image_svg_color\":\"emphasis\",\"link_style\":\"default\",\"margin\":\"default\",\"icon\":\"file-pdf\",\"link\":\"wp-content\\\/uploads\\\/sites\\\/5\\\/2021\\\/01\\\/Zoom-Guide-2.pdf\",\"link_target\":true,\"title\":\"Zoom-Guide\",\"panel_style\":\"card-default\",\"panel_link\":true,\"title_style\":\"h3\",\"content\":\"\n\n<p>als PDF herunterladen<\\\/p>\",\"icon_color\":\"primary\",\"content_margin\":\"remove\",\"panel_size\":\"small\",\"id\":\"zoom\"},\"name\":\"Button\"}]},{\"type\":\"column\",\"props\":{\"image_position\":\"center-center\",\"media_overlay_gradient\":\"\",\"width_medium\":\"1-2\"},\"children\":[]}]}]}],\"version\":\"2.2.2\"} --><\/p>\n","protected":false},"excerpt":{"rendered":"<p>Tagungsinformationen Die Jahrestagung der Fachgruppe Rezeptions\u2010 und Wirkungsforschung in der Deutschen Gesellschaft f\u00fcr Publizistik\u2010 und Kommunikationswissenschaft (DGPuK) findet vom 27. Januar bis 29. Januar 2021 im \u201evirtuellen M\u00fcnchen\u201c statt. Die Tagung wird ausgerichtet von Christina Peter (LMU M\u00fcnchen), Anna Sophie K\u00fcmpel (TU Dresden) und Diana Rieger (LMU M\u00fcnchen). Informationen zum zeitlichen und inhaltlichen Ablauf der [&hellip;]<\/p>\n","protected":false},"author":173,"featured_media":0,"parent":0,"menu_order":0,"comment_status":"closed","ping_status":"closed","template":"","meta":{"ngg_post_thumbnail":0,"footnotes":""},"class_list":["post-117","page","type-page","status-publish","hentry"],"_links":{"self":[{"href":"https:\/\/sites.ifkw.lmu.de\/RezFo21\/wp-json\/wp\/v2\/pages\/117","targetHints":{"allow":["GET"]}}],"collection":[{"href":"https:\/\/sites.ifkw.lmu.de\/RezFo21\/wp-json\/wp\/v2\/pages"}],"about":[{"href":"https:\/\/sites.ifkw.lmu.de\/RezFo21\/wp-json\/wp\/v2\/types\/page"}],"author":[{"embeddable":true,"href":"https:\/\/sites.ifkw.lmu.de\/RezFo21\/wp-json\/wp\/v2\/users\/173"}],"replies":[{"embeddable":true,"href":"https:\/\/sites.ifkw.lmu.de\/RezFo21\/wp-json\/wp\/v2\/comments?post=117"}],"version-history":[{"count":9,"href":"https:\/\/sites.ifkw.lmu.de\/RezFo21\/wp-json\/wp\/v2\/pages\/117\/revisions"}],"predecessor-version":[{"id":342,"href":"https:\/\/sites.ifkw.lmu.de\/RezFo21\/wp-json\/wp\/v2\/pages\/117\/revisions\/342"}],"wp:attachment":[{"href":"https:\/\/sites.ifkw.lmu.de\/RezFo21\/wp-json\/wp\/v2\/media?parent=117"}],"curies":[{"name":"wp","href":"https:\/\/api.w.org\/{rel}","templated":true}]}}

<h1>Tagungsinformationen</h1>
<div>
<p>Die Jahrestagung der Fachgruppe Rezeptions‐ und Wirkungsforschung in der Deutschen Gesellschaft für Publizistik‐ und Kommunikationswissenschaft (DGPuK) findet vom <strong>27. Januar bis 29. Januar 2021</strong> im „virtuellen München“ statt. Die Tagung wird ausgerichtet von Christina Peter (LMU München), Anna Sophie Kümpel (TU Dresden) und Diana Rieger (LMU München). Informationen zum zeitlichen und inhaltlichen Ablauf der Tagung finden Sie im<a href="https://sites.ifkw.lmu.de/RezFo21/programm/"><strong> Programm</strong></a>.</p>
<p>Die virtuelle Tagung findet auf der Plattform<strong> Zoom</strong> statt. Alle angemeldeten Teilnehmer*innen werden im Vorfeld der Tagung darüber informiert, wie das interessierende Panel bzw. die interessierende Veranstaltung erreicht werden kann. Für Teilnehmer*innen, die noch nicht mit Zoom gearbeitet haben (und auch für alle anderen) gibt es <a href="#zoom">hier</a> einen Guide zur Zoom-Nutzung. Wir bitten jedoch <em>alle </em>Teilnehmer*innen, diesen Guide anzuschauen, da dieser neben allgemeinen Nutzungshinweisen auch Hinweise zur ‚Zoom-Etikette‘ der Tagung enthält.</p>
<p>Wie bei einer Präsenztagung finden die Vorträge <strong>live</strong> statt – nur eben nicht in einem Raum an der LMU München, sondern via Zoom. Im Gegensatz zu bisherigen Jahrestagungen haben wir aufgrund des Online-Formats die <strong>Vortragszeit auf 12 Minuten</strong> reduziert. Wir bitten alle Vortragenden, sich an diese Zeitvorgabe zu halten. Zur Präsentation der Vorträge kann wie gewohnt auf eine Präsentationssoftware (PowerPoint, Keynote o.ä.) zurückgegriffen werden – die Vortragenden erhalten die Erlaubnis, Ihren Bildschirm zu teilen, sodass alle Teilnehmer*innen der Präsentation folgen können. Auch die Einbindung von Videos und Multi-Media-Elementen ist möglich.</p>
<p>Da im Rahmen der Tagung wie üblich Panels parallel laufen, planen wir, die <strong>Vorträge aufzuzeichnen</strong> und im Anschluss in einem geschützten Bereich der Tagungswebseite zur Verfügung zu stellen – so wird es den Teilnehmer*innen ermöglicht, alle Präsentationen anschauen zu können. Selbstverständlich entscheiden die Vortragenden, ob sie einer Aufzeichnung zustimmen. Wie jedes Jahr gibt es zudem unabhängig von den Aufzeichnungen ein <strong>Book of Abstracts</strong>, welches Sie im Bereich <a href="https://sites.ifkw.lmu.de/RezFo21/programm/"><strong>Programm</strong></a> herunterladen können. Das Passwort zum Ansehen der PDF-Datei erhalten die angemeldeten Teilnehmer*innen in einer E-Mail bzw. im Tagungspaket.</p>
<p>Sollten während der Tagung technische Probleme auftreten, melden Sie sich im Zoom-Chat oder via E-Mail (<a href="mailto:rezfo@ifkw.lmu.de">rezfo@ifkw.lmu.de</a>) bei den Organisator*innen.</p>
</div>
<div>
<h3>Zoom-Guide</h3>
<div>
<p>als PDF herunterladen</p>
</div>
<p><a href="/RezFo21/wp-content/uploads/sites/5/2021/01/Zoom-Guide-2.pdf"></a></p>
</div>
<p><!-- {"type":"layout","children":[{"type":"section","props":{"style":"default","width":"default","vertical_align":"middle","title_position":"top-left","title_rotation":"left","title_breakpoint":"xl","image_position":"center-center"},"children":[{"type":"row","children":[{"type":"column","props":{"image_position":"center-center","media_overlay_gradient":""},"children":[{"type":"headline","props":{"title_element":"h1","content":"Tagungsinformationen","title_decoration":"line"}},{"type":"text","props":{"margin":"default","column_breakpoint":"m","content":"

<p>Die Jahrestagung der Fachgruppe Rezeptions\u2010 und Wirkungsforschung in der Deutschen Gesellschaft f\u00fcr Publizistik\u2010 und Kommunikationswissenschaft (DGPuK) findet vom <strong>27. Januar bis 29. Januar 2021<\/strong> im \u201evirtuellen M\u00fcnchen\u201c statt. Die Tagung wird ausgerichtet von Christina Peter (LMU M\u00fcnchen), Anna Sophie K\u00fcmpel (TU Dresden) und Diana Rieger (LMU M\u00fcnchen). Informationen zum zeitlichen und inhaltlichen Ablauf der Tagung finden Sie im<a href=\"https:\/\/sites.ifkw.lmu.de\/RezFo21\/programm\/\"><strong> Programm<\/strong><\/a>.<\/p>\n

<p>Die virtuelle Tagung findet auf der Plattform<strong> Zoom<\/strong> statt. Alle angemeldeten Teilnehmer*innen werden im Vorfeld der Tagung dar\u00fcber informiert, wie das interessierende Panel bzw. die interessierende Veranstaltung erreicht werden kann. F\u00fcr Teilnehmer*innen, die noch nicht mit Zoom gearbeitet haben (und auch f\u00fcr alle anderen) gibt es <a href=\"#zoom\">hier<\/a> einen Guide zur Zoom-Nutzung. Wir bitten jedoch <em>alle <\/em>Teilnehmer*innen, diesen Guide anzuschauen, da dieser neben allgemeinen Nutzungshinweisen auch Hinweise zur \u201aZoom-Etikette\u2018 der Tagung enth\u00e4lt.<\/p>\n

<p>Wie bei einer Pr\u00e4senztagung finden die Vortr\u00e4ge <strong>live<\/strong> statt \u2013 nur eben nicht in einem Raum an der LMU M\u00fcnchen, sondern via Zoom. Im Gegensatz zu bisherigen Jahrestagungen haben wir aufgrund des Online-Formats die <strong>Vortragszeit auf 12 Minuten<\/strong> reduziert. Wir bitten alle Vortragenden, sich an diese Zeitvorgabe zu halten. Zur Pr\u00e4sentation der Vortr\u00e4ge kann wie gewohnt auf eine Pr\u00e4sentationssoftware (PowerPoint, Keynote o.\u00e4.) zur\u00fcckgegriffen werden \u2013 die Vortragenden erhalten die Erlaubnis, Ihren Bildschirm zu teilen, sodass alle Teilnehmer*innen der Pr\u00e4sentation folgen k\u00f6nnen. Auch die Einbindung von Videos und Multi-Media-Elementen ist m\u00f6glich.<\/p>\n

<p>Da im Rahmen der Tagung wie \u00fcblich Panels parallel laufen, planen wir, die <strong>Vortr\u00e4ge aufzuzeichnen<\/strong> und im Anschluss in einem gesch\u00fctzten Bereich der Tagungswebseite zur Verf\u00fcgung zu stellen \u2013 so wird es den Teilnehmer*innen erm\u00f6glicht, alle Pr\u00e4sentationen anschauen zu k\u00f6nnen. Selbstverst\u00e4ndlich entscheiden die Vortragenden, ob sie einer Aufzeichnung zustimmen. Wie jedes Jahr gibt es zudem unabh\u00e4ngig von den Aufzeichnungen ein <strong>Book of Abstracts<\/strong>, welches Sie im Bereich\u00a0<a href=\"https:\/\/sites.ifkw.lmu.de\/RezFo21\/programm\/\"><strong>Programm<\/strong><\/a> herunterladen k\u00f6nnen. Das Passwort zum Ansehen der PDF-Datei erhalten die angemeldeten Teilnehmer*innen in einer E-Mail bzw. im Tagungspaket.<\/p>\n

<p>Sollten w\u00e4hrend der Tagung technische Probleme auftreten, melden Sie sich im Zoom-Chat oder via E-Mail (<a href=\"mailto:rezfo@ifkw.lmu.de\">rezfo@ifkw.lmu.de<\/a>) bei den Organisator*innen.<\/p>","column":"1-2"}}]}]},{"type":"row","props":{"layout":"1-2,1-2"},"children":[{"type":"column","props":{"image_position":"center-center","media_overlay_gradient":"","width_medium":"1-2"},"children":[{"type":"panel","props":{"link_text":"","title_hover_style":"reset","title_element":"h3","title_align":"top","title_grid_width":"1-2","title_grid_breakpoint":"m","meta_style":"meta","meta_align":"below-title","meta_element":"div","content_column_breakpoint":"m","icon_width":"60","image_align":"left","image_grid_width":"auto","image_grid_breakpoint":"m","image_svg_color":"emphasis","link_style":"default","margin":"default","icon":"file-pdf","link":"wp-content\/uploads\/sites\/5\/2021\/01\/Zoom-Guide-2.pdf","link_target":true,"title":"Zoom-Guide","panel_style":"card-default","panel_link":true,"title_style":"h3","content":"

<p>als PDF herunterladen<\/p>","icon_color":"primary","content_margin":"remove","panel_size":"small","id":"zoom"},"name":"Button"}]},{"type":"column","props":{"image_position":"center-center","media_overlay_gradient":"","width_medium":"1-2"},"children":[]}]}]}],"version":"2.2.2"} --></p>

<p>Tagungsinformationen Die Jahrestagung der Fachgruppe Rezeptions‐ und Wirkungsforschung in der Deutschen Gesellschaft für Publizistik‐ und Kommunikationswissenschaft (DGPuK) findet vom 27. Januar bis 29. Januar 2021 im „virtuellen München“ statt. Die Tagung wird ausgerichtet von Christina Peter (LMU München), Anna Sophie Kümpel (TU Dresden) und Diana Rieger (LMU München). Informationen zum zeitlichen und inhaltlichen Ablauf der [&hellip;]</p>
